{"id":2740,"date":"2016-05-15T14:15:04","date_gmt":"2016-05-15T20:15:04","guid":{"rendered":"http:\/\/paytity.com\/\/?page_id=2740"},"modified":"2024-11-24T21:00:16","modified_gmt":"2024-11-25T03:00:16","slug":"como-comprar","status":"publish","type":"page","link":"https:\/\/paytity.com\/2\/como-comprar\/","title":{"rendered":"C\u00f3mo comprar"},"content":{"rendered":"<li><strong>INICIO DE SESION Y COMPRA<\/strong>\n<div class=\"titulo clearfix\">\n<div class=\"texto\">Deber\u00e1 registrase como nuevo usuario en nuestro sitio Web indicando que desea realizar compras como mayorista.<br \/>Le enviaremos un mail de bienvenida.<br \/>Luego, con ese usuario, podr\u00e1 ir cargando su carro de compras mediante los botones COMPRAR que se encuentran pr\u00f3ximos a cada art\u00edculo.&nbsp;Una vez que su pedido se encuentre completo, deber\u00e1 ir a FINALIZAR COMPRA&nbsp;&nbsp;para revisar el mismo y finalmente confirmar y enviar el&nbsp;pedido.<\/div>\n<\/div>\n<\/li>\n<li><strong>PAGOS y ENV\u00cdOS<\/strong>\n<div class=\"titulo clearfix\">\n<div class=\"texto\">Recibiremos su pedido y nos estaremos comunicando a la brevedad con usted, a fin de ultimar los detalles del pago y el correspondiente env\u00edo.<\/div>\n<\/div>\n<\/li>\n<\/ul>","protected":false},"excerpt":{"rendered":"<p>INICIO DE SESION Y COMPRA Deber\u00e1 registrase como nuevo usuario en nuestro sitio Web indicando que desea realizar compras como mayorista.Le enviaremos un mail de bienvenida.Luego, con ese usuario, podr\u00e1 ir cargando su carro de compras mediante los botones COMPRAR que se encuentran pr\u00f3ximos a cada art\u00edculo.&nbsp;Una vez que su pedido se encuentre completo, deber\u00e1 [&hellip;]<\/p>\n","protected":false},"author":1,"featured_media":0,"parent":0,"menu_order":0,"comment_status":"closed","ping_status":"closed","template":"","meta":{"_joinchat":[],"footnotes":""},"class_list":["post-2740","page","type-page","status-publish","hentry"],"aioseo_notices":[],"_links":{"self":[{"href":"https:\/\/paytity.com\/2\/wp-json\/wp\/v2\/pages\/2740","targetHints":{"allow":["GET"]}}],"collection":[{"href":"https:\/\/paytity.com\/2\/wp-json\/wp\/v2\/pages"}],"about":[{"href":"https:\/\/paytity.com\/2\/wp-json\/wp\/v2\/types\/page"}],"author":[{"embeddable":true,"href":"https:\/\/paytity.com\/2\/wp-json\/wp\/v2\/users\/1"}],"replies":[{"embeddable":true,"href":"https:\/\/paytity.com\/2\/wp-json\/wp\/v2\/comments?post=2740"}],"version-history":[{"count":16,"href":"https:\/\/paytity.com\/2\/wp-json\/wp\/v2\/pages\/2740\/revisions"}],"predecessor-version":[{"id":17195,"href":"https:\/\/paytity.com\/2\/wp-json\/wp\/v2\/pages\/2740\/revisions\/17195"}],"wp:attachment":[{"href":"https:\/\/paytity.com\/2\/wp-json\/wp\/v2\/media?parent=2740"}],"curies":[{"name":"wp","href":"https:\/\/api.w.org\/{rel}","templated":true}]}}