{"id":3980,"date":"2019-05-09T08:36:51","date_gmt":"2019-05-09T14:36:51","guid":{"rendered":"http:\/\/paytity.com\/?post_type=product&#038;p=3980"},"modified":"2024-09-12T12:48:01","modified_gmt":"2024-09-12T18:48:01","slug":"art-30","status":"publish","type":"product","link":"https:\/\/paytity.com\/2\/producto\/art-30\/","title":{"rendered":"Pantal\u00f3n Pijama Largo Jersey puro algod\u00f3n &#8211; Art. 30"},"content":{"rendered":"<p>Pantal\u00f3n pijama largo jersey puro algod\u00f3n. Talles 46 al 54 , del 56 al 60 y del 62 al 68. Colores surtidos sujetos a disponibilidad de stock. Precio variable seg\u00fan el talle.<\/p>\n","protected":false},"excerpt":{"rendered":"<p>Pantal\u00f3n pijama largo jersey puro algod\u00f3n. Talles 46 al 54 , del 56 al 60 y del 62 al 68. Colores surtidos sujetos a disponibilidad de stock. Precio variable seg\u00fan el talle.<\/p>\n","protected":false},"featured_media":3981,"template":"","meta":{"_joinchat":[]},"product_cat":[84,60,43],"product_tag":[],"class_list":{"0":"post-3980","1":"product","2":"type-product","3":"status-publish","4":"has-post-thumbnail","6":"product_cat-pantalones","7":"product_cat-pijamas-hombre","8":"product_cat-hombre","10":"first","11":"instock","12":"shipping-taxable","13":"product-type-variable","14":"add-to-wishlist-after_add_to_cart"},"aioseo_notices":[],"_links":{"self":[{"href":"https:\/\/paytity.com\/2\/wp-json\/wp\/v2\/product\/3980","targetHints":{"allow":["GET"]}}],"collection":[{"href":"https:\/\/paytity.com\/2\/wp-json\/wp\/v2\/product"}],"about":[{"href":"https:\/\/paytity.com\/2\/wp-json\/wp\/v2\/types\/product"}],"wp:featuredmedia":[{"embeddable":true,"href":"https:\/\/paytity.com\/2\/wp-json\/wp\/v2\/media\/3981"}],"wp:attachment":[{"href":"https:\/\/paytity.com\/2\/wp-json\/wp\/v2\/media?parent=3980"}],"wp:term":[{"taxonomy":"product_cat","embeddable":true,"href":"https:\/\/paytity.com\/2\/wp-json\/wp\/v2\/product_cat?post=3980"},{"taxonomy":"product_tag","embeddable":true,"href":"https:\/\/paytity.com\/2\/wp-json\/wp\/v2\/product_tag?post=3980"}],"curies":[{"name":"wp","href":"https:\/\/api.w.org\/{rel}","templated":true}]}}